{"id":406,"date":"2022-07-18T18:14:57","date_gmt":"2022-07-18T18:14:57","guid":{"rendered":"https:\/\/xxis.com.vn\/?post_type=product&#038;p=406"},"modified":"2022-08-09T14:21:01","modified_gmt":"2022-08-09T14:21:01","slug":"dau-goi-duong-toc-bong-benh-xxis-beta","status":"publish","type":"product","link":"https:\/\/xxis.com.vn\/index.php\/san-pham\/dau-goi-duong-toc-bong-benh-xxis-beta\/","title":{"rendered":"D\u1ea6U G\u1ed8I D\u01af\u1ee0NG T\u00d3C B\u1ed2NG B\u1ec0NH XXIS BETA &#8211; 650G"},"content":{"rendered":"<p>D\u1ea7u g\u1ed9i d\u01b0\u1ee1ng t\u00f3c b\u1ed3ng b\u1ec1nh Xxis Beta.<\/p>\n<p><span style=\"font-weight: 400;\">Th\u00e0nh ph\u1ea7n ch\u1ee9a h\u1ee3p ch\u1ea5t Panthenol v\u00e0 Multi Vitamin B gi\u00fap t\u00f3c b\u00f3ng kh\u1ecfe.<\/span><\/p>\n<p>M\u00f9i h\u01b0\u01a1ng nam t\u00ednh, d\u1ecbu d\u00e0ng.<\/p>\n","protected":false},"excerpt":{"rendered":"<p><span style=\"font-weight: 400;\">D\u1ea7u G\u1ed9i Cao C\u1ea5p XXIS BETA l\u00e0m s\u1ea1ch v\u00e0 nu\u00f4i d\u01b0\u1ee1ng m\u00e1i t\u00f3c. \u0110\u01b0\u1ee3c t\u0103ng c\u01b0\u1eddng h\u1ee3p ch\u1ea5t Guar v\u00e0 Polyquaternium-44 c\u00f9ng h\u1ec7 si\u00eau d\u01b0\u1ee1ng \u1ea9m ch\u0103m s\u00f3c t\u00f3c m\u1ec1m m\u1ea1i v\u00e0 gi\u1eef n\u1ebfp b\u1ed3ng b\u1ec1nh. D\u01b0\u1ee1ng ch\u1ea5t Panthenol cho m\u00e1i t\u00f3c s\u1ea1ch kh\u1ecfe, b\u00f3ng m\u01b0\u1ee3t, h\u00f2a quy\u1ec7n trong h\u01b0\u01a1ng th\u01a1m tinh t\u1ebf h\u1ea5p d\u1eabn nam t\u00ednh<\/span><b>.<\/b><\/p>\n<p><span style=\"font-weight: 400;\">G\u01a1\u0323i nh\u01a1\u0301 h\u01b0\u01a1ng n\u01b0\u01a1\u0301c hoa Invictus Paco Rabanne, XXIS BETA kh\u01a1i d\u00e2\u0323y phong ca\u0301ch pho\u0301ng khoa\u0301ng pha chu\u0301t di\u0323u da\u0300ng cu\u0309a nh\u01b0\u0303ng cha\u0300ng trai ch\u00e2n th\u00e0nh va\u0300 s\u00e2u s\u0103\u0301c.<\/span><\/p>\n","protected":false},"featured_media":790,"comment_status":"open","ping_status":"closed","template":"","meta":{"_mi_skip_tracking":false,"site-sidebar-layout":"default","site-content-layout":"default","ast-global-header-display":"","ast-main-header-display":"","ast-hfb-above-header-display":"","ast-hfb-below-header-display":"","ast-hfb-mobile-header-display":"","site-post-title":"","ast-breadcrumbs-content":"","ast-featured-img":"","footer-sml-layout":"","theme-transparent-header-meta":"default","adv-header-id-meta":"","stick-header-meta":"","header-above-stick-meta":"","header-main-stick-meta":"","header-below-stick-meta":""},"product_cat":[24],"product_tag":[36,35],"class_list":["post-406","product","type-product","status-publish","has-post-thumbnail","hentry","product_cat-dau-goi","product_tag-dau-goi-duong-toc","product_tag-dau-goi-nam"],"yoast_head":"<!-- This site is optimized with the Yoast SEO plugin v19.3 - https:\/\/yoast.com\/wordpress\/plugins\/seo\/ -->\n<title>D\u1ea6U G\u1ed8I D\u01af\u1ee0NG T\u00d3C B\u1ed2NG B\u1ec0NH XXIS BETA - 650G - Xxis<\/title>\n<meta name=\"description\" content=\"D\u1ea7u g\u1ed9i nam d\u01b0\u1ee1ng t\u00f3c b\u1ed3ng b\u1ec1nh Xxis Beta. Ch\u1ee9a h\u1ee3p ch\u1ea5t Panthenol v\u00e0 Multi Vitamin B gi\u00fap t\u00f3c b\u00f3ng m\u01b0\u1ee3t. M\u00f9i h\u01b0\u01a1ng d\u1ecbu d\u00e0ng, ph\u00f3ng kho\u00e1ng.\" \/>\n<meta name=\"robots\" content=\"index, follow, max-snippet:-1, max-image-preview:large, max-video-preview:-1\" \/>\n<link rel=\"canonical\" href=\"https:\/\/xxis.com.vn\/index.php\/san-pham\/dau-goi-duong-toc-bong-benh-xxis-beta\/\" \/>\n<meta property=\"og:locale\" content=\"vi_VN\" \/>\n<meta property=\"og:type\" content=\"article\" \/>\n<meta property=\"og:title\" content=\"D\u1ea6U G\u1ed8I D\u01af\u1ee0NG T\u00d3C B\u1ed2NG B\u1ec0NH XXIS BETA - 650G - Xxis\" \/>\n<meta property=\"og:description\" content=\"D\u1ea7u g\u1ed9i nam d\u01b0\u1ee1ng t\u00f3c b\u1ed3ng b\u1ec1nh Xxis Beta. Ch\u1ee9a h\u1ee3p ch\u1ea5t Panthenol v\u00e0 Multi Vitamin B gi\u00fap t\u00f3c b\u00f3ng m\u01b0\u1ee3t. M\u00f9i h\u01b0\u01a1ng d\u1ecbu d\u00e0ng, ph\u00f3ng kho\u00e1ng.\" \/>\n<meta property=\"og:url\" content=\"https:\/\/xxis.com.vn\/index.php\/san-pham\/dau-goi-duong-toc-bong-benh-xxis-beta\/\" \/>\n<meta property=\"og:site_name\" content=\"Xxis\" \/>\n<meta property=\"article:modified_time\" content=\"2022-08-09T14:21:01+00:00\" \/>\n<meta property=\"og:image\" content=\"https:\/\/xxis.com.vn\/wp-content\/uploads\/2022\/07\/beta-goi-lon-01-1.png\" \/>\n\t<meta property=\"og:image:width\" content=\"2084\" \/>\n\t<meta property=\"og:image:height\" content=\"2084\" \/>\n\t<meta property=\"og:image:type\" content=\"image\/png\" \/>\n<meta name=\"twitter:card\" content=\"summary_large_image\" \/>\n<meta name=\"twitter:label1\" content=\"\u01af\u1edbc t\u00ednh th\u1eddi gian \u0111\u1ecdc\" \/>\n\t<meta name=\"twitter:data1\" content=\"1 ph\u00fat\" \/>\n<script type=\"application\/ld+json\" class=\"yoast-schema-graph\">{\"@context\":\"https:\/\/schema.org\",\"@graph\":[{\"@type\":\"Organization\",\"@id\":\"https:\/\/xxis.com.vn\/#organization\",\"name\":\"Xxis\",\"url\":\"https:\/\/xxis.com.vn\/\",\"sameAs\":[],\"logo\":{\"@type\":\"ImageObject\",\"inLanguage\":\"vi\",\"@id\":\"https:\/\/xxis.com.vn\/#\/schema\/logo\/image\/\",\"url\":\"https:\/\/xxis.com.vn\/wp-content\/uploads\/2022\/08\/1-01.png\",\"contentUrl\":\"https:\/\/xxis.com.vn\/wp-content\/uploads\/2022\/08\/1-01.png\",\"width\":1125,\"height\":375,\"caption\":\"Xxis\"},\"image\":{\"@id\":\"https:\/\/xxis.com.vn\/#\/schema\/logo\/image\/\"}},{\"@type\":\"WebSite\",\"@id\":\"https:\/\/xxis.com.vn\/#website\",\"url\":\"https:\/\/xxis.com.vn\/\",\"name\":\"Xxis\",\"description\":\"\",\"publisher\":{\"@id\":\"https:\/\/xxis.com.vn\/#organization\"},\"potentialAction\":[{\"@type\":\"SearchAction\",\"target\":{\"@type\":\"EntryPoint\",\"urlTemplate\":\"https:\/\/xxis.com.vn\/?s={search_term_string}\"},\"query-input\":\"required name=search_term_string\"}],\"inLanguage\":\"vi\"},{\"@type\":\"ImageObject\",\"inLanguage\":\"vi\",\"@id\":\"https:\/\/xxis.com.vn\/index.php\/san-pham\/dau-goi-duong-toc-bong-benh-xxis-beta\/#primaryimage\",\"url\":\"https:\/\/xxis.com.vn\/wp-content\/uploads\/2022\/07\/beta-goi-lon-01-1.png\",\"contentUrl\":\"https:\/\/xxis.com.vn\/wp-content\/uploads\/2022\/07\/beta-goi-lon-01-1.png\",\"width\":2084,\"height\":2084},{\"@type\":\"WebPage\",\"@id\":\"https:\/\/xxis.com.vn\/index.php\/san-pham\/dau-goi-duong-toc-bong-benh-xxis-beta\/\",\"url\":\"https:\/\/xxis.com.vn\/index.php\/san-pham\/dau-goi-duong-toc-bong-benh-xxis-beta\/\",\"name\":\"D\u1ea6U G\u1ed8I D\u01af\u1ee0NG T\u00d3C B\u1ed2NG B\u1ec0NH XXIS BETA - 650G - Xxis\",\"isPartOf\":{\"@id\":\"https:\/\/xxis.com.vn\/#website\"},\"primaryImageOfPage\":{\"@id\":\"https:\/\/xxis.com.vn\/index.php\/san-pham\/dau-goi-duong-toc-bong-benh-xxis-beta\/#primaryimage\"},\"datePublished\":\"2022-07-18T18:14:57+00:00\",\"dateModified\":\"2022-08-09T14:21:01+00:00\",\"description\":\"D\u1ea7u g\u1ed9i nam d\u01b0\u1ee1ng t\u00f3c b\u1ed3ng b\u1ec1nh Xxis Beta. Ch\u1ee9a h\u1ee3p ch\u1ea5t Panthenol v\u00e0 Multi Vitamin B gi\u00fap t\u00f3c b\u00f3ng m\u01b0\u1ee3t. M\u00f9i h\u01b0\u01a1ng d\u1ecbu d\u00e0ng, ph\u00f3ng kho\u00e1ng.\",\"breadcrumb\":{\"@id\":\"https:\/\/xxis.com.vn\/index.php\/san-pham\/dau-goi-duong-toc-bong-benh-xxis-beta\/#breadcrumb\"},\"inLanguage\":\"vi\",\"potentialAction\":[{\"@type\":\"ReadAction\",\"target\":[\"https:\/\/xxis.com.vn\/index.php\/san-pham\/dau-goi-duong-toc-bong-benh-xxis-beta\/\"]}]},{\"@type\":\"BreadcrumbList\",\"@id\":\"https:\/\/xxis.com.vn\/index.php\/san-pham\/dau-goi-duong-toc-bong-benh-xxis-beta\/#breadcrumb\",\"itemListElement\":[{\"@type\":\"ListItem\",\"position\":1,\"name\":\"Trang ch\u1ee7\",\"item\":\"https:\/\/xxis.com.vn\/\"},{\"@type\":\"ListItem\",\"position\":2,\"name\":\"S\u1ea3n ph\u1ea9m\",\"item\":\"https:\/\/xxis.com.vn\/index.php\/cua-hang__trashed\/\"},{\"@type\":\"ListItem\",\"position\":3,\"name\":\"D\u1ea6U G\u1ed8I D\u01af\u1ee0NG T\u00d3C B\u1ed2NG B\u1ec0NH XXIS BETA &#8211; 650G\"}]}]}<\/script>\n<!-- \/ Yoast SEO plugin. -->","yoast_head_json":{"title":"D\u1ea6U G\u1ed8I D\u01af\u1ee0NG T\u00d3C B\u1ed2NG B\u1ec0NH XXIS BETA - 650G - Xxis","description":"D\u1ea7u g\u1ed9i nam d\u01b0\u1ee1ng t\u00f3c b\u1ed3ng b\u1ec1nh Xxis Beta. Ch\u1ee9a h\u1ee3p ch\u1ea5t Panthenol v\u00e0 Multi Vitamin B gi\u00fap t\u00f3c b\u00f3ng m\u01b0\u1ee3t. M\u00f9i h\u01b0\u01a1ng d\u1ecbu d\u00e0ng, ph\u00f3ng kho\u00e1ng.","robots":{"index":"index","follow":"follow","max-snippet":"max-snippet:-1","max-image-preview":"max-image-preview:large","max-video-preview":"max-video-preview:-1"},"canonical":"https:\/\/xxis.com.vn\/index.php\/san-pham\/dau-goi-duong-toc-bong-benh-xxis-beta\/","og_locale":"vi_VN","og_type":"article","og_title":"D\u1ea6U G\u1ed8I D\u01af\u1ee0NG T\u00d3C B\u1ed2NG B\u1ec0NH XXIS BETA - 650G - Xxis","og_description":"D\u1ea7u g\u1ed9i nam d\u01b0\u1ee1ng t\u00f3c b\u1ed3ng b\u1ec1nh Xxis Beta. Ch\u1ee9a h\u1ee3p ch\u1ea5t Panthenol v\u00e0 Multi Vitamin B gi\u00fap t\u00f3c b\u00f3ng m\u01b0\u1ee3t. M\u00f9i h\u01b0\u01a1ng d\u1ecbu d\u00e0ng, ph\u00f3ng kho\u00e1ng.","og_url":"https:\/\/xxis.com.vn\/index.php\/san-pham\/dau-goi-duong-toc-bong-benh-xxis-beta\/","og_site_name":"Xxis","article_modified_time":"2022-08-09T14:21:01+00:00","og_image":[{"width":2084,"height":2084,"url":"https:\/\/xxis.com.vn\/wp-content\/uploads\/2022\/07\/beta-goi-lon-01-1.png","type":"image\/png"}],"twitter_card":"summary_large_image","twitter_misc":{"\u01af\u1edbc t\u00ednh th\u1eddi gian \u0111\u1ecdc":"1 ph\u00fat"},"schema":{"@context":"https:\/\/schema.org","@graph":[{"@type":"Organization","@id":"https:\/\/xxis.com.vn\/#organization","name":"Xxis","url":"https:\/\/xxis.com.vn\/","sameAs":[],"logo":{"@type":"ImageObject","inLanguage":"vi","@id":"https:\/\/xxis.com.vn\/#\/schema\/logo\/image\/","url":"https:\/\/xxis.com.vn\/wp-content\/uploads\/2022\/08\/1-01.png","contentUrl":"https:\/\/xxis.com.vn\/wp-content\/uploads\/2022\/08\/1-01.png","width":1125,"height":375,"caption":"Xxis"},"image":{"@id":"https:\/\/xxis.com.vn\/#\/schema\/logo\/image\/"}},{"@type":"WebSite","@id":"https:\/\/xxis.com.vn\/#website","url":"https:\/\/xxis.com.vn\/","name":"Xxis","description":"","publisher":{"@id":"https:\/\/xxis.com.vn\/#organization"},"potentialAction":[{"@type":"SearchAction","target":{"@type":"EntryPoint","urlTemplate":"https:\/\/xxis.com.vn\/?s={search_term_string}"},"query-input":"required name=search_term_string"}],"inLanguage":"vi"},{"@type":"ImageObject","inLanguage":"vi","@id":"https:\/\/xxis.com.vn\/index.php\/san-pham\/dau-goi-duong-toc-bong-benh-xxis-beta\/#primaryimage","url":"https:\/\/xxis.com.vn\/wp-content\/uploads\/2022\/07\/beta-goi-lon-01-1.png","contentUrl":"https:\/\/xxis.com.vn\/wp-content\/uploads\/2022\/07\/beta-goi-lon-01-1.png","width":2084,"height":2084},{"@type":"WebPage","@id":"https:\/\/xxis.com.vn\/index.php\/san-pham\/dau-goi-duong-toc-bong-benh-xxis-beta\/","url":"https:\/\/xxis.com.vn\/index.php\/san-pham\/dau-goi-duong-toc-bong-benh-xxis-beta\/","name":"D\u1ea6U G\u1ed8I D\u01af\u1ee0NG T\u00d3C B\u1ed2NG B\u1ec0NH XXIS BETA - 650G - Xxis","isPartOf":{"@id":"https:\/\/xxis.com.vn\/#website"},"primaryImageOfPage":{"@id":"https:\/\/xxis.com.vn\/index.php\/san-pham\/dau-goi-duong-toc-bong-benh-xxis-beta\/#primaryimage"},"datePublished":"2022-07-18T18:14:57+00:00","dateModified":"2022-08-09T14:21:01+00:00","description":"D\u1ea7u g\u1ed9i nam d\u01b0\u1ee1ng t\u00f3c b\u1ed3ng b\u1ec1nh Xxis Beta. Ch\u1ee9a h\u1ee3p ch\u1ea5t Panthenol v\u00e0 Multi Vitamin B gi\u00fap t\u00f3c b\u00f3ng m\u01b0\u1ee3t. M\u00f9i h\u01b0\u01a1ng d\u1ecbu d\u00e0ng, ph\u00f3ng kho\u00e1ng.","breadcrumb":{"@id":"https:\/\/xxis.com.vn\/index.php\/san-pham\/dau-goi-duong-toc-bong-benh-xxis-beta\/#breadcrumb"},"inLanguage":"vi","potentialAction":[{"@type":"ReadAction","target":["https:\/\/xxis.com.vn\/index.php\/san-pham\/dau-goi-duong-toc-bong-benh-xxis-beta\/"]}]},{"@type":"BreadcrumbList","@id":"https:\/\/xxis.com.vn\/index.php\/san-pham\/dau-goi-duong-toc-bong-benh-xxis-beta\/#breadcrumb","itemListElement":[{"@type":"ListItem","position":1,"name":"Trang ch\u1ee7","item":"https:\/\/xxis.com.vn\/"},{"@type":"ListItem","position":2,"name":"S\u1ea3n ph\u1ea9m","item":"https:\/\/xxis.com.vn\/index.php\/cua-hang__trashed\/"},{"@type":"ListItem","position":3,"name":"D\u1ea6U G\u1ed8I D\u01af\u1ee0NG T\u00d3C B\u1ed2NG B\u1ec0NH XXIS BETA &#8211; 650G"}]}]}},"_links":{"self":[{"href":"https:\/\/xxis.com.vn\/index.php\/wp-json\/wp\/v2\/product\/406","targetHints":{"allow":["GET"]}}],"collection":[{"href":"https:\/\/xxis.com.vn\/index.php\/wp-json\/wp\/v2\/product"}],"about":[{"href":"https:\/\/xxis.com.vn\/index.php\/wp-json\/wp\/v2\/types\/product"}],"replies":[{"embeddable":true,"href":"https:\/\/xxis.com.vn\/index.php\/wp-json\/wp\/v2\/comments?post=406"}],"wp:featuredmedia":[{"embeddable":true,"href":"https:\/\/xxis.com.vn\/index.php\/wp-json\/wp\/v2\/media\/790"}],"wp:attachment":[{"href":"https:\/\/xxis.com.vn\/index.php\/wp-json\/wp\/v2\/media?parent=406"}],"wp:term":[{"taxonomy":"product_cat","embeddable":true,"href":"https:\/\/xxis.com.vn\/index.php\/wp-json\/wp\/v2\/product_cat?post=406"},{"taxonomy":"product_tag","embeddable":true,"href":"https:\/\/xxis.com.vn\/index.php\/wp-json\/wp\/v2\/product_tag?post=406"}],"curies":[{"name":"wp","href":"https:\/\/api.w.org\/{rel}","templated":true}]}}